Is 5839 composite?
False
Is 6547 composite?
False
Is 261277 a composite number?
True
Is 440131 composite?
False
Is 21311 a composite number?
True
Is 397 a composite number?
False
Is 189831 a prime number?
False
Is 182839 a composite number?
False
Is 112687 composite?
False
Is 1165 a prime number?
False
Is 63447 prime?
False
Is 419 a composite number?
False
Is 3057 a composite number?
True
Is 50311 composite?
False
Is 10651 prime?
True
Is 69851 prime?
False
Is 68246 composite?
True
Is 379 prime?
True
Is 3011 a prime number?
True
Is 1959361 a composite number?
False
Is 97547 a composite number?
False
Is 238117 a composite number?
True
Is 45221 composite?
True
Is 76999 prime?
False
Is 8509 a composite number?
True
Is 306961 prime?
False
Is 160309 prime?
True
Is 71581 a composite number?
True
Is 84787 composite?
False
Is 502889 a composite number?
True
Is 111187 a prime number?
True
Is 613 a composite number?
False
Is 373 a prime number?
True
Is 1507 a composite number?
True
Is 18461 a composite number?
False
Is 2179 a prime number?
True
Is 11777 a prime number?
True
Is 232853 a composite number?
False
Is 110543 prime?
True
Is 74 prime?
False
Is 230807 a prime number?
True
Is 1867 prime?
True
Is 4783 prime?
True
Is 24433 prime?
False
Is 1973 composite?
False
Is 160099 a composite number?
True
Is 1680859 a prime number?
True
Is 1488559 prime?
True
Is 146399 a composite number?
True
Is 62515 a composite number?
True
Is 863 composite?
False
Is 118561 a prime number?
False
Is 46685 a prime number?
False
Is 81151 prime?
False
Is 300809 a composite number?
False
Is 34057 prime?
True
Is 14351 prime?
False
Is 1384909 prime?
True
Is 92203 composite?
False
Is 14029 a composite number?
False
Is 113417 composite?
False
Is 1651667 a prime number?
True
Is 87807 prime?
False
Is 85411 composite?
False
Is 16207 prime?
False
Is 197059 a prime number?
True
Is 30161 prime?
True
Is 139109 a composite number?
False
Is 8999 prime?
True
Is 215429 a prime number?
False
Is 1901 composite?
False
Is 7901 a composite number?
False
Is 141101 composite?
False
Is 42257 composite?
False
Is 2633 a prime number?
True
Is 149117 a prime number?
False
Is 2413 a prime number?
False
Is 71569 composite?
False
Is 240257 a prime number?
True
Is 1067 prime?
False
Is 15659 a composite number?
True
Is 3305 prime?
False
Is 11631 composite?
True
Is 75239 composite?
False
Is 585493 composite?
False
Is 9923 a prime number?
True
Is 216509 a composite number?
False
Is 6107 composite?
True
Is 7737 a prime number?
False
Is 10907 a composite number?
True
Is 307 prime?
True
Is 33541 prime?
False
Is 135262 prime?
False
Is 20779 composite?
True
Is 478999 composite?
False
Is 809 a prime number?
True
Is 437 composite?
True
Is 1821997 prime?
True
Is 122531 a prime number?
False
Is 42429 composite?
True
Is 29831 prime?
False
Is 3943 prime?
True
Is 535855 a composite number?
True
Is 383417 a prime number?
True
Is 887 a composite number?
False
Is 444901 prime?
True
Is 551179 a composite number?
False
Is 44153 composite?
True
Is 7851 a prime number?
False
Is 95609 composite?
True
Is 49187 composite?
True
Is 3857957 a composite number?
True
Is 29567 a prime number?
True
Is 2567 a prime number?
False
Is 12071 a prime number?
True
Is 1995257 a prime number?
False
Is 194239 a prime number?
True
Is 1973 prime?
True
Is 4957 a prime number?
True
Is 1260489 prime?
False
Is 1582937 prime?
True
Is 43853 composite?
False
Is 4907 composite?
True
Is 57083 a composite number?
True
Is 1361 a composite number?
False
Is 24611 a prime number?
True
Is 12497 prime?
True
Is 205019 a prime number?
True
Is 2095 a prime number?
False
Is 27329 prime?
True
Is 1537 composite?
True
Is 48299 prime?
True
Is 236393 a prime number?
False
Is 353257 a prime number?
False
Is 311307 a composite number?
True
Is 16213 a prime number?
False
Is 21687 a prime number?
False
Is 659419 prime?
True
Is 393779 a prime number?
True
Is 1693 prime?
True
Is 421891 prime?
True
Is 2919199 a prime number?
True
Is 149689 a composite number?
False
Is 17377 a composite number?
False
Is 62681 a composite number?
True
Is 420419 composite?
False
Is 220327 a composite number?
False
Is 18859 a composite number?
False
Is 68755 a prime number?
False
Is 1426849 a composite number?
True
Is 4241 a composite number?
False
Is 27011 prime?
True
Is 104207 a composite number?
False
Is 316487 prime?
False
Is 69733 a composite number?
True
Is 10211 a prime number?
True
Is 2314301 prime?
False
Is 1787017 prime?
False
Is 1831 a prime number?
True
Is 34027 prime?
False
Is 165457 composite?
False
Is 1291 a composite number?
False
Is 3083 prime?
True
Is 1580807 a prime number?
False
Is 1817 prime?
False
Is 21349 a prime number?
False
Is 6521 prime?
True
Is 2819 a composite number?
False
Is 13217 a prime number?
True
Is 95701 a prime number?
True
Is 308213 a composite number?
False
Is 255545 composite?
True
Is 19369 composite?
True
Is 51581 prime?
True
Is 104449 prime?
False
Is 75902 a prime number?
False
Is 1099355 a composite number?
True
Is 1323851 a composite number?
False
Is 2746283 prime?
True
Is 2981 a composite number?
True
Is 2669 a prime number?
False
Is 178021 prime?
True
Is 166597 composite?
False
Is 123413 a composite number?
True
Is 38683 prime?
False
Is 95623 a composite number?
True
Is 157061 composite?
False
Is 15559 composite?
False
Is 17009 a prime number?
False
Is 37165 a composite number?
True
Is 6511 a prime number?
False
Is 18587 a prime number?
True
Is 125317 composite?
True
Is 1383895 prime?
False
Is 50537 prime?
False
Is 59333 prime?
True
Is 1087 a composite number?
False
Is 343433 prime?
True
Is 313879 composite?
False
Is 8663 a composite number?
False
Is 24601 prime?
False
Is 4488157 prime?
True
Is 2259629 a composite number?
False
Is 11938439 composite?
False
Is 14479 prime?
True
Is 62441 prime?
False
Is 1999601 prime?
False
Is 14302 composite?
True
Is 24031 a composite number?
True
Is 20711 a composite number?
True
Is 43513 composite?
True
Is 68657 composite?
True
Is 32467 a composite number?
False
Is 69873 a composite number?
True
Is 20599 a composite number?
False
Is 96189 a prime number?
False
Is 40609 a prime number?
True
Is 67861 prime?
False
Is 87979 prime?
False
Is 11581 a composite number?
True
Is 10427 composite?
False
Is 745 composite?
True
Is 28789 a prime number?
True
Is 69991 a prime number?
True
Is 386293 prime?
False
Is 535791 composite?
True
Is 855187 prime?
True
Is 15427 a composite number?
False
Is 26591 prime?
True
Is 325727 a prime number?
False
Is 11863 a prime number?
True
Is 34667 a prime number?
True
Is 55099 a prime number?
False
Is 1157159 a prime number?
True
Is 247045 prime?
False
Is 710441 composite?
False
Is 46301 prime?
True
Is 12251 prime?
True
Is 436223 a composite number?
True
Is 2579 composite?
False
Is 9813 composite?
True
Is 31177 a prime number?
True
Is 8458 composite?
True
Is 35221 a prime number?
True
Is 247183 a composite number?
False
Is 57731 composite?
False
Is 13021 a composite number?
True
Is 3199 composite?
True
Is 21799 a prime number?
True
Is 33842 prime?
False
Is 67819 composite?
False
Is 13094 composite?
True
Is 10709 a composite number?
False
Is 80554 prime?
False
Is 27349 a prime number?
False
Is 469 prime?
False
Is 341083 a composite number?
False
Is 25791 a composite number?
True
Is 112269 composite?
True
Is 197521 prime?
True
Is 307243 prime?
True
Is 19451 a composite number?
True
Is 13291 a prime number?
True
Is 828793 composite?
True
Is 307 prime?
True
Is 11777 prime?
True
Is 50487 a prime number?
False
Is 130081 a prime number?
False
Is 21283 prime?
True
Is 33433 a composite number?
True
Is 20051 a composite number?
False
Is 733553 prime?
False
Is 26743 a prime number?
False
Is 75331 prime?
False
Is 253717 prime?
True
Is 49229 a composite number?
True
Is 7283 prime?
True
Is 92047 composite?
True
Is 73999 prime?
True
Is 6997 prime?
True
Is 3593 a composite number?
False
Is 23753 composite?
False
Is 600335 prime?
False
Is 3482 prime?
False
Is 4699 prime?
False
Is 2309 a prime number?
True
Is 596227 a composite number?
False
Is 830041 prime?
True
Is 29773 composite?
True
Is 14923 prime?
True
Is 181406 composite?
True
Is 51413 prime?
True
Is 963703 a composite number?
True
Is 32603 composite?
False
Is